s divided by 23.
14
Suppose -2*n = 3*k - 238, -n = 2*k - 100 - 59. Calculate the remainder when k is divided by 39/52 - (-105)/4.
26
Let c(h) = -3*h - 1. Suppose 2*s - o + 3*o - 4 = 0, 3*s = 5*o - 2. Calculate the remainder when c(-1) is divided by s.
0
Suppose -y = -4*z - 65, 2*y = -y - 2*z + 125. Calculate the remainder when y is divided by 17.
11
Let i be (3374/42)/(2/(-6)). Let d = -86 - i. Calculate the remainder when d is divided by 39.
38
Let f(s) = 13*s**2 - 3*s - 2*s - 16 + 2 - 12*s**2. Calculate the remainder when f(-6) is divided by 18.
16
Let v = 25216 - 25214. Suppose 0*x = 5*x - 25. What is the remainder when x is divided by v?
1
Let q(r) = -r**3 - 42*r**2 - 79*r + 66. What is the remainder when 54 is divided by q(-40)?
2
Suppose 38*g - 50*g = -33*g + 945. Suppose 0 = -3*i - 5*w + 34, i - 3 = -w + 9. What is the remainder when g is divided by i?
6
Suppose 31 - 16 = 5*q, -q - 51 = -3*h. What is the remainder when 2158 is divided by h?
16
Let f(x) = -12*x**2 - x + 1. Let v be f(-2). Calculate the remainder when 12*10/v*-6 is divided by 6.
4
Suppose 82 = b + 3*v + 4, 4*b = 5*v + 380. Suppose 2*z + b = 5*z. Let o(a) = 2*a - 12. Calculate the remainder when z is divided by o(10).
6
Let b(w) = -10*w**3 + 2*w**2 - 1. Let t be b(-1). Let j = t + 21. Suppose -o + j = 4. What is the remainder when o is divided by 15?
13
Suppose 0*b = -2*b + 40. Calculate the remainder when 157 is divided by b.
17
Let w(x) = 2*x**2 - 12*x**3 + 71 + 11*x**3 + 0*x**3. Suppose -4*a + 0*a = 0. Calculate the remainder when w(a) is divided by 18.
17
Let z = 20 - -3. Suppose 4 = -2*v, 4*v - 115 = -3*l + 165. Let h = l + -84. What is the remainder when z is divided by h?
11
Let a = 47 - 36. What is the remainder when -2 + -1 - (-175)/5 is divided by a?
10
Let c(b) = -b**3 - 6*b**2 - 8*b - 10. Let w be c(-5). What is the remainder when 58 is divided by (w*2)/((-18)/(-27))?
13
What is the remainder when 149 is divided by (-4*4/32)/((-1)/30)?
14
Let x(t) = t**3 - t. Let o(f) = -11*f**2 - 9*f + 19. Let q(p) = o(p) - x(p). What is the remainder when q(-11) is divided by 11?
8
Let i = 117 - 80. Calculate the remainder when 71 is divided by i.
34
Let r = -425 + 694. Calculate the remainder when r is divided by 38.
3
Suppose -a + 4*m = -5*a + 68, 4 = 2*a - 4*m. What is the remainder when 129 is divided by a?
9
Suppose 2*z = -4*w - 0*w + 98, -w - 46 = -z. Calculate the remainder when 182 is divided by z.
41
Let w(b) = 29*b - 72. What is the remainder when w(8) is divided by 44?
28
Let d(v) = -3*v - 14. Suppose g + 3*o - 2 = 0, -2*g - 5*o - 8 = -3*o. Calculate the remainder when 34 is divided by d(g).
6
Let w(g) = 6 - 8*g - 1 - 3 - 3 - g**2. What is the remainder when 18 is divided by w(-6)?
7
Suppose -w + 412 = 197. What is the remainder when w is divided by 65?
20
Let t(n) = -n**3 - 11*n**2 - 21*n - 4. Let x be t(-9). Let i = 24 + -5. Suppose x*a - 248 = i*a. What is the remainder when a is divided by 16?
14
Let g be (-1)/(0 + 1)*0. Suppose -4*w + 195 - 15 = g. What is the remainder when w is divided by 246/21 + 2/7?
9
Suppose 3*h + 53 = -y, -5*y = 4*h - 0*y + 89. Let r = h - -143. What is the remainder when r is divided by 33?
28
Let z = 202 + -166. What is the remainder when z is divided by 20?
16
Suppose -3*r - 12*r = -855. Calculate the remainder when 396 is divided by r.
54
Suppose -2*j + 0 = -4. Suppose -j*z - d = -97, z - 43 = -0*z + 5*d. What is the remainder when (z/14)/(4/28) is divided by 9?
6
Let l = 9 + -2. Suppose -32 - 87 = -l*u. What is the remainder when 33 is divided by u?
16
Suppose -h - 3*t + 12 = -0*h, -77 = -5*h + 2*t. What is the remainder when h is divided by -5 - -15 - 4/2?
7
Suppose -3*u - 87 = -468. What is the remainder when 391 is divided by u?
10
Let r(i) = -i**3 + 2*i - 1. Let m(h) = -8*h**2 + 3 + h**3 + 12*h**2 + 3*h - h**2. What is the remainder when r(-2) is divided by m(-2)?
0
Let m(i) be the second derivative of -i**3/6 - 5*i**2/2 - 5*i. Let y be m(-7). Suppose -11 = -y*n + 75. What is the remainder when n is divided by 22?
21
Suppose 0 = -5*g - 0*g. Let c(a) = a - 2. Let q be c(g). What is the remainder when 42 is divided by (-15)/(1/(1 + q))?
12
Let t(o) = -o**2 + 58*o - 514. Let s(f) = -31*f**3 - 1. Calculate the remainder when t(18) is divided by s(-1).
26
Let n(p) = 17*p**2 + 71*p + 6. Let x(v) = -6*v**2 - 24*v - 2. Let b(f) = -3*n(f) - 8*x(f). What is the remainder when 36 is divided by b(-6)?
4
Calculate the remainder when 536 is divided by (-6)/(-10) - (-4 - (-222)/(-5)).
46
Suppose f = -f + 30. Let a = f - 11. Suppose 3*v + 4 + 0 = 5*x, 0 = 4*v - a*x. Calculate the remainder when v is divided by 2.
0
Let y(m) = 17*m - 52. Calculate the remainder when 62 is divided by y(4).
14
Let h = -646 - -1270. What is the remainder when h is divided by 18?
12
Let f be ((-10)/4)/(30/(-24)). Suppose 7*n = f*n + 465. Calculate the remainder when n is divided by 24.
21
Suppose 9*j + 3*t - 114 = 4*j, 0 = 5*j - 5*t - 90. Let p = j + -10. What is the remainder when 53 is divided by p?
9
Suppose -655*q + 662*q = 329. What is the remainder when 225 is divided by q?
37
Suppose -2*a = -5*m - 4, -20 = -a - 3*m + m. Suppose 111 = 2*u + 3*n, -2*n - n + 237 = 4*u. What is the remainder when u is divided by a*(-2 - 20/(-6))?
15
Let f be (-39)/12 + (-60)/16 + 4. Calculate the remainder when 88 is divided by ((-5)/f)/(16/48).
3
Let d(k) = k**2 + 4*k + 3. Suppose 3*r = 6*r - 99. Suppose 34*o - 23 = r*o. What is the remainder when o is divided by d(-5)?
7
Let l = -2345 - -2347. What is the remainder when 9 is divided by l?
1
Let k = 1255 - 838. What is the remainder when k is divided by 57?
18
Let o(w) = w**3 - 7. Let u = 64 - 27. Calculate the remainder when u is divided by o(3).
17
Let m(c) = c**2 - 12*c - 14. Let l be m(10). Let x = 54 + l. Suppose -5 = 3*j - x. What is the remainder when j is divided by 2?
1
Suppose z + 4 = 2*z + 2*l, -2 = -z - 3*l. Let j be (-7 - -5)/((-2)/z). Let y(v) = 2*v - 1. What is the remainder when y(j) is divided by 4?
3
Let t(r) = 2*r - 2. Suppose j - 2 = -u, 5*u = -19 + 4. Let q(w) = -7*w - 11. Calculate the remainder when t(j) is divided by q(-2).
2
Suppose 0 = -3*m + 2 + 22. Suppose 0 = -g - 20 + 19. What is the remainder when 120/(-30)*(g + (-9)/2) is divided by m?
6
Suppose -h - 13 + 255 = 0. Let o(s) = -3*s**2 + 79*s + 1. Calculate the remainder when h is divided by o(26).
26
Suppose -b = 4*b - 55. Calculate the remainder when (34/(-4))/(2/(-4)) is divided by b.
6
Suppose 9*i = -0*i + 2898. Calculate the remainder when i is divided by 13.
10
Let n be (-8 + 6)*3/(-2). Calculate the remainder when 15 is divided by -2 - n*20/(-6).
7
Let a be 72 - (1 - 0/(-2)). Let r(w) = 2*w**2 + 4*w + 3. Let f be r(4). Let t = a - f. What is the remainder when 38 is divided by t?
18
Let q = -84 - -86. Suppose 4*l = -q*i + 240, -4*l - 4*i = -l - 170. Let w = -18 - -31. What is the remainder when l is divided by w?
10
Let m = 71 + -35. Suppose m*r + 87 = 39*r. Calculate the remainder when 57 is divided by r.
28
Let n(z) = -z**2 - z. Let q(t) = -4*t**2 + 7*t - 7. Let b(c) = 3*n(c) - q(c). Let v be b(7). Calculate the remainder when 20 is divided by (v*(-4)/8)/1.
6
Let s(t) = t**2 + 17*t + 30. Let x = 30 - 46. What is the remainder when 96 is divided by s(x)?
12
Suppose -4*h + 37 = p + 1, -2*p + 3*h + 83 = 0. Let l(g) = 19*g + 154. What is the remainder when p is divided by l(-7)?
19
Suppose 20 = -2*k - 6*q + 2*q, 0 = 3*q + 15. Suppose 16 = -4*x, 3*v + 4*x - 38 = -k*v. Calculate the remainder when v is divided by 4.
2
Suppose -3*b - 4*y + 386 = 0, 2*b = -5*y - 101 + 356. What is the remainder when 266 is divided by b?
6
Suppose 2*v + 0*y - 5*y = 20, -30 = -3*v + 2*y. What is the remainder when (25/50)/((-1)/(-52)) is divided by v?
6
Suppose -7*s = -231 + 49. Suppose s = 8*o - 1246. What is the remainder when o is divided by 20?
19
Suppose 13*y + 36 = 15*y. What is the remainder when 122 is divided by y?
14
Suppose 6 = -2*a - s + 16, 2*a + 4*s - 4 = 0. Let p = a - 4. Suppose -3*x + p*u = -108, -x - 4*x + u = -187. What is the remainder when x is divided by 10?
8
Let q(b) = 5*b**2 + 7*b + 5. Let h be q(-7). Suppose -4 = -p - 0. Suppose 79 = p*c - h. Calculate the remainder when c is divided by 24.
22
Suppose -4*q - 27*u + 26*u + 1021 = 0, 4*u 